{"id":185,"date":"2021-09-06T19:16:58","date_gmt":"2021-09-06T19:16:58","guid":{"rendered":"http:\/\/ascm.gob.mx\/?page_id=185"},"modified":"2026-01-27T10:55:42","modified_gmt":"2026-01-27T16:55:42","slug":"semblanza-del-auditor-superior","status":"publish","type":"page","link":"http:\/\/ascm.gob.mx\/index.php\/semblanza-del-auditor-superior\/","title":{"rendered":"Semblanza del Auditor Superior"},"content":{"rendered":"<p>[et_pb_section fb_built=&#8221;1&#8243; _builder_version=&#8221;4.16&#8243; global_colors_info=&#8221;{}&#8221;][et_pb_row _builder_version=&#8221;4.16&#8243; background_size=&#8221;initial&#8221; background_position=&#8221;top_left&#8221; background_repeat=&#8221;repeat&#8221; locked=&#8221;off&#8221; global_colors_info=&#8221;{}&#8221;][et_pb_column type=&#8221;4_4&#8243; _builder_version=&#8221;4.16&#8243; custom_padding=&#8221;|||&#8221; global_colors_info=&#8221;{}&#8221; custom_padding__hover=&#8221;|||&#8221;][et_pb_text _builder_version=&#8221;4.16&#8243; _module_preset=&#8221;default&#8221; custom_margin=&#8221;||0px|||&#8221; global_colors_info=&#8221;{}&#8221;]<\/p>\n<h2>Semblanza Edwin Mer\u00e1z \u00c1ngeles<\/h2>\n<p>[\/et_pb_text][et_pb_divider _builder_version=&#8221;4.16&#8243; _module_preset=&#8221;default&#8221; global_colors_info=&#8221;{}&#8221;][\/et_pb_divider][\/et_pb_column][\/et_pb_row][et_pb_row column_structure=&#8221;2_5,3_5&#8243; _builder_version=&#8221;4.16&#8243; background_size=&#8221;initial&#8221; background_position=&#8221;top_left&#8221; background_repeat=&#8221;repeat&#8221; custom_padding=&#8221;0px|||||&#8221; global_colors_info=&#8221;{}&#8221;][et_pb_column type=&#8221;2_5&#8243; _builder_version=&#8221;4.16&#8243; custom_padding=&#8221;|||&#8221; global_colors_info=&#8221;{}&#8221; custom_padding__hover=&#8221;|||&#8221;][et_pb_image src=&#8221;https:\/\/ascm.gob.mx\/wp-content\/uploads\/2024\/06\/director1.jpg&#8221; title_text=&#8221;director1&#8243; _builder_version=&#8221;4.23.1&#8243; _module_preset=&#8221;default&#8221; box_shadow_style=&#8221;preset2&#8243; global_colors_info=&#8221;{}&#8221;][\/et_pb_image][\/et_pb_column][et_pb_column type=&#8221;3_5&#8243; _builder_version=&#8221;4.16&#8243; custom_padding=&#8221;|||&#8221; global_colors_info=&#8221;{}&#8221; custom_padding__hover=&#8221;|||&#8221;][et_pb_text _builder_version=&#8221;4.23.1&#8243; _module_preset=&#8221;default&#8221; custom_padding=&#8221;||0px|||&#8221; global_colors_info=&#8221;{}&#8221;]<\/p>\n<p style=\"text-align: justify;\"><span>Es originario de Pachuca, Hidalgo. Estudi\u00f3 la Licenciatura en Derecho en la Facultad de Derecho de la Universidad Nacional Aut\u00f3noma de M\u00e9xico (UNAM). Tiene Especialidad en Derecho Fiscal por la m\u00e1xima casa de estudios, as\u00ed como Maestr\u00eda en Derecho por el Tecnol\u00f3gico de Monterrey, Campus Ciudad de M\u00e9xico. Actualmente es Doctorando en el Tribunal de Justicia Administrativa de la Ciudad de M\u00e9xico.<br \/><\/span><\/p>\n<p style=\"text-align: justify;\"><span>Adem\u00e1s ha cursado diplomados en Planeaci\u00f3n Estrat\u00e9gica en la Universidad Panamericana; sobre Presupuesto Basado en Resultado por la UNAM y la SHCP, y en Gesti\u00f3n Estrat\u00e9gica de las Finanzas P\u00fablicas impartido por el Instituto del Banco Mundial y el Tec de Monterrey.<\/span><\/p>\n<p style=\"text-align: justify;\"><span>Edwin Mer\u00e1z cuenta con m\u00e1s de 20 a\u00f1os de experiencia en el sector p\u00fablico federal y de la Ciudad de M\u00e9xico, en materia fiscal y presupuestal. Ha desempe\u00f1ado diversos cargos en la Subsecretar\u00eda de Egresos y en la Procuradur\u00eda Fiscal. Tambi\u00e9n ha sido Consultor del Banco Mundial.<\/span><\/p>\n<p style=\"text-align: justify;\"><span>En la iniciativa privada, se ha dedicado al ejercicio libre de la profesi\u00f3n en diversos despachos jur\u00eddicos, como litigante y consultor.<\/span><\/p>\n<p style=\"text-align: justify;\"><span>Ha impartido cursos y diplomados sobre Presupuesto por Resultados, Administraci\u00f3n P\u00fablica, Pol\u00edtica Fiscal e Impuestos Locales, entre otros. Es autor de publicaciones de investigaci\u00f3n y divulgaci\u00f3n, en materia de rendici\u00f3n de cuentas, derechos humanos y fiscalizaci\u00f3n.<\/span><\/p>\n<p style=\"text-align: justify;\"><span>Mer\u00e1z \u00c1ngeles se desempe\u00f1\u00f3 como Procurador Fiscal, hasta que asumi\u00f3 el cargo de Auditor Superior de la Ciudad de M\u00e9xico, el 01 de mayo de 2021.<\/span><\/p>\n<p>[\/et_pb_text][\/et_pb_column][\/et_pb_row][\/et_pb_section][et_pb_section fb_built=&#8221;1&#8243; _builder_version=&#8221;4.16&#8243; background_color=&#8221;#f7f7f7&#8243; global_colors_info=&#8221;{}&#8221;][et_pb_row _builder_version=&#8221;4.16&#8243; background_size=&#8221;initial&#8221; background_position=&#8221;top_left&#8221; background_repeat=&#8221;repeat&#8221; global_colors_info=&#8221;{}&#8221;][et_pb_column type=&#8221;4_4&#8243; _builder_version=&#8221;4.16&#8243; custom_padding=&#8221;|||&#8221; global_colors_info=&#8221;{}&#8221; custom_padding__hover=&#8221;|||&#8221;][\/et_pb_column][\/et_pb_row][\/et_pb_section]<\/p>\n","protected":false},"excerpt":{"rendered":"<p>Semblanza Edwin Mer\u00e1z \u00c1ngelesEs originario de Pachuca, Hidalgo. Estudi\u00f3 la Licenciatura en Derecho en la Facultad de Derecho de la Universidad Nacional Aut\u00f3noma de M\u00e9xico (UNAM). Tiene Especialidad en Derecho Fiscal por la m\u00e1xima casa de estudios, as\u00ed como Maestr\u00eda en Derecho por el Tecnol\u00f3gico de Monterrey, Campus Ciudad de M\u00e9xico. Actualmente es Doctorando en [&hellip;]<\/p>\n","protected":false},"author":5,"featured_media":0,"parent":0,"menu_order":0,"comment_status":"closed","ping_status":"closed","template":"","meta":{"_et_pb_use_builder":"on","_et_pb_old_content":"","_et_gb_content_width":"","footnotes":""},"_links":{"self":[{"href":"http:\/\/ascm.gob.mx\/index.php\/wp-json\/wp\/v2\/pages\/185"}],"collection":[{"href":"http:\/\/ascm.gob.mx\/index.php\/wp-json\/wp\/v2\/pages"}],"about":[{"href":"http:\/\/ascm.gob.mx\/index.php\/wp-json\/wp\/v2\/types\/page"}],"author":[{"embeddable":true,"href":"http:\/\/ascm.gob.mx\/index.php\/wp-json\/wp\/v2\/users\/5"}],"replies":[{"embeddable":true,"href":"http:\/\/ascm.gob.mx\/index.php\/wp-json\/wp\/v2\/comments?post=185"}],"version-history":[{"count":29,"href":"http:\/\/ascm.gob.mx\/index.php\/wp-json\/wp\/v2\/pages\/185\/revisions"}],"predecessor-version":[{"id":8843,"href":"http:\/\/ascm.gob.mx\/index.php\/wp-json\/wp\/v2\/pages\/185\/revisions\/8843"}],"wp:attachment":[{"href":"http:\/\/ascm.gob.mx\/index.php\/wp-json\/wp\/v2\/media?parent=185"}],"curies":[{"name":"wp","href":"https:\/\/api.w.org\/{rel}","templated":true}]}}